 -3456d8c3 - 0?
-3456d8c3
In base 14, what is 479ac1 - 10?
479ab1
In base 8, what is 62 + 656553?
656635
In base 14, what is -1 - -700761?
700760
In base 12, what is 777 - 8b08?
-8351
In base 9, what is -175307 - 132?
-175440
In base 14, what is -2a6 + -138d8?
-13ba0
In base 2, what is -11111111101100011101 - -1000?
-11111111101100010101
In base 11, what is -10 - -282aa48?
282aa38
In base 7, what is -421252 + -33346?
-454631
In base 10, what is 829126 + 2?
829128
In base 8, what is -56 - -632146?
632070
In base 8, what is -33616 + -356?
-34174
In base 6, what is 105 + 10553?
11102
In base 2, what is 1010110101 - 11110000110001?
-11100101111100
In base 12, what is a073b1 - -3?
a073b4
In base 16, what is -32c7bc + -6?
-32c7c2
In base 7, what is 535 + 36126?
36664
In base 4, what is -20221 + -131112331?
-131133212
In base 16, what is 1cc - 6941?
-6775
In base 12, what is -11 + 1862849?
1862838
In base 5, what is -1001 + -214244013?
-214300014
In base 16, what is 4 + -82e10?
-82e0c
In base 15, what is 5 - -1549dee?
1549e04
In base 13, what is 1c652b5 + -3?
1c652b2
In base 12, what is 8673b - -1038?
87777
In base 3, what is 20000212 - -1021?
20002010
In base 7, what is 625304 - 65?
625206
In base 12, what is 7a3b - -1174?
8bb3
In base 3, what is 20 + -202011200101101?
-202011200101011
In base 8, what is -12454 - 142?
-12616
In base 14, what is 3935b2 - a2?
393510
In base 4, what is 20330 - -32032320?
32113310
In base 8, what is 54 + -526706?
-526632
In base 14, what is -d22417d7 - 4?
-d22417db
In base 4, what is 212333222230 - -3?
212333222233
In base 3, what is 1012022221000022 - 11?
1012022221000011
In base 13, what is 94 - -22107b?
221142
In base 2, what is 110010 - 1110000000101000110?
-1110000000100010100
In base 11, what is 5 + -68a086a?
-68a0865
In base 7, what is -15 - -325026016?
325026001
In base 14, what is -3 + -2b7b68?
-2b7b6b
In base 4, what is -2011303331 + 20?
-2011303311
In base 2, what is -100111100101011101101011 - 101?
-100111100101011101110000
In base 14, what is 737 - 20c35?
-204dc
In base 10, what is 2118154 - 11?
2118143
In base 9, what is -65 + -83246?
-83322
In base 9, what is 101056 - -23?
101080
In base 4, what is 12110030 - -12210?
12122300
In base 10, what is 171272 - 1?
171271
In base 2, what is 1 + 1110001010010101101101?
1110001010010101101110
In base 10, what is 0 - -4475886?
4475886
In base 13, what is 22223 - -189?
223ac
In base 4, what is 110121031 - 13233?
110101132
In base 15, what is 310296 + b3?
310359
In base 16, what is -124023ac - 4?
-124023b0
In base 14, what is -1 - -2392826?
2392825
In base 9, what is -65 + 1074800?
1074724
In base 11, what is -73 + 17653?
17590
In base 16, what is -4 + b285bc?
b285b8
In base 15, what is -10 + 1a16d0?
1a16c0
In base 11, what is 190 + -1263?
-1083
In base 8, what is 2 - -17662655?
17662657
In base 14, what is 2c79a0 - c?
2c7992
In base 12, what is 6632 - -223a?
8870
In base 15, what is 1 + 106aa6?
106aa7
In base 4, what is -330013 + 3?
-330010
In base 7, what is -321242 + 12146?
-306063
In base 3, what is 11 - 10202121012021?
-10202121012010
In base 2, what is -10000100010101010 + 100000010001?
-10000000010011001
In base 3, what is 2201212 + 101102001?
111010220
In base 4, what is 132300111122 + 0?
132300111122
In base 4, what is 111 + 1322031131?
1322031302
In base 12, what is 71a3 + 421?
7604
In base 10, what is 8 - -825380?
825388
In base 11, what is 93 + -206915?
-206832
In base 4, what is -1031232103 - 11303?
-1031310012
In base 8, what is 7470 + -136420?
-126730
In base 5, what is 23120223 + -22343?
23042330
In base 2, what is -1001101 - -1111010101100111010?
1111010101011101101
In base 16, what is 3724f0d - a?
3724f03
In base 9, what is 758 - -168360?
170228
In base 2, what is 1011100100 - -1111111111101?
10001011100001
In base 7, what is 240565 + -546?
240016
In base 12, what is -ba5863 + -5?
-ba5868
In base 9, what is 4 + -108703224?
-108703220
In base 10, what is -4316678 + 0?
-4316678
In base 8, what is 5474474 + 134?
5474630
In base 2, what is 111001111 + -1000001000000111010000?
-1000001000000000000001
In base 9, what is -10 - 58614?
-58624
In base 7, what is 6002053 - 225?
6001525
In base 9, what is 2 - -47022231?
47022233
In base 13, what is 1 - -a125a35?
a125a36
In base 8, what is 3 - -253373221?
253373224
In base 4, what is -13022202201100 + 0?
-13022202201100
In base 6, what is -2 - -1131352351?
1131352345
In base 3, what is -12 + 102102020122110?
102102020122021
In base 11, what is -141 + -203989?
-20401a
In base 2, what is -10001100010111011 - 1110110000?
-10001110001101011
In base 3, what is 1011112121 - -22000?
1011211121
In base 3, what is -1021 - -10122021100?
10122020002
In base 7, what is -12 - 2231542260?
-2231542302
In base 3, what is 102120 - -1120202011202?
1120202121022
In base 4, what is 101010 + 213312?
320322
In base 11, what is -8a08a47 + 1?
-8a08a46
In base 5, what is -3 - 2330130333?
-2330130341
In base 9, what is 46012561 + -3?
46012557
In base 14, what is -28 - -9d87c?
9d854
In base 14, what is 22d896a2 + -2?
22d896a0
In base 4, what is -100201013310 + 22?
-100201013222
In base 3, what is 120111220 + -2202102?
110202111
In base 9, what is -863512 + 15?
-863486
In base 14, what is -24c4d - 18d?
-24ddc
In base 16, what is -3 + -1e5f9f?
-1e5fa2
In base 14, what is 4 + 68c8694?
68c8698
In base 6, what is 453024244 + 5?
453024253
In base 9, what is 5 - -142134341?
142134346
In base 7, what is 13 - 5661006?
-5660663
In base 6, what is -201434410 + -5?
-201434415
In base 7, what is -1135462 + -30?
-1135522
In base 13, what is -2430 + b52?
-15ab
In base 7, what is -30122115 + -322?
-30122440
In base 7, what is -124213511 + -4?
-124213515
In base 14, what is -1b + 28d392?
28d375
In base 7, what is -14126 - 522253?
-536412
In base 12, what is 1516586 - -9?
1516593
In base 8, what is -3 - 13351621?
-13351624
In base 6, what is 45224050420 - 0?
45224050420
In base 3, what is 1112001100 - -120210?
1112122010
In base 8, what is -7211450 - -137?
-7211311
In base 14, what is 403 + 44b63?
45166
In base 14, what is 9d78 - 443?
9935
In base 8, what is 6 - 342724?
-342716
In base 2, what is -10100101 - 10011100011011101111?
-10011100011110010100
In base 15, what is -ad38179 + -5?
-ad3817e
In base 2, what is -11000 - -1111100010010010100110?
1111100010010010001110
In base 14, what is -ba04 + b4?
-b930
In base 13, what is 13b43 + 307?
1414a
In base 4, what is 13130000221 - 2?
13130000213
In base 11, what is -765258 - -61?
-7651a7
In base 11, what is 1322aa + 27?
132326
In base 4, what is -313130020103303 + -11?
-313130020103320
In base 14, what is 259 + -1c8a?
-1a31
In base 8, what is -5740341 + -41?
-5740402
In base 2, what is 11101100001010001001010 - -1100?
11101100001010001010110
In base 6, what is -110 - 1051430?
-1051540
In base 12, what is -39 + 42636?
425b9
In base 3, what is 12 + 100202021102?
100202021121
In base 12, what is -58 - -1a0a96?
1a0a3a
In base 7, what is -10541 + -143?
-11014
In base 11, what is 5 - -202466?
202470
In base 15, what is -17a1 + -2e2?
-1a93
In base 15, what is e829d9 - 4?
e829d5
In base 11, what is -873a6285 + -5?
-873a628a
In base 9, what is 716541 - -164?
716715
In base 16, what is 1 + -77ade26?
-77ade25
In base 7, what is -30054 + -15?
-30102
In base 9, what is -60312045 + -5?
-60312051
In base 11, what is 922122 - 26?
9220a7
In base 3, what is -102 + 2111222101021220?
2111222101021111
In base 13, what is 11 - 131c79b?
-131c78a
In base 16, what is -137 + 7bb?
684
In base 13, what is 47 - 58379?
-58332
In base 4, what is 1010111 + 12313010?
13323121
In base 14, what is -2 + 32d5aa?
32d5a8
In base 8, what is 22514021 - 0?
22514021
In base 7, what is 2 - 1625466?
-1625464
In base 4, what is -1110220 - 211232?
-1322112
In base 2, what is 1110100010011011 + 1000111?
1110100011100010
In base 5, what is -103 - 4303430401?
-4303431004
In base 3, what is -1221010220010 + -112?
-1221010220122
In base 11, what is 71a166 - 256?
719a10
In base 14, what is -7889 - 139?
-79c4
In base 10, what is 3 - 146594339?
-146594336
In base 16, what is 5 + -5dd58?
-5dd53
In base 14, what is -1 - 408841?
-408842
In base 8, what is -1243 + -127561?
-131024
In base 13, what is 0 + 570012?
570012
In base 4, what is -2 - 320203032302?
-320203